53609
List the prime factors of 45756821.
11, 23, 83, 2179
What are the prime factors of 114110436?
2, 3, 11, 349, 2477
List the prime factors of 260275406.
2, 17, 23, 29, 499
List the prime factors of 1510459581.
3, 43, 281, 41669
List the prime factors of 302276701.
211, 1432591
What are the prime factors of 806381235?
3, 5, 11, 41, 39733
What are the prime factors of 44957691?
3, 4995299
List the prime factors of 1861087257.
3, 17, 43, 457, 619
List the prime factors of 210095168.
2, 73, 193, 233
What are the prime factors of 258157173?
3, 86052391
What are the prime factors of 5547548617?
13, 19, 22459711
List the prime factors of 77974341.
3, 59, 601, 733
List the prime factors of 1126886112.
2, 3, 11, 227, 1567
List the prime factors of 121170900.
2, 3, 5, 17, 23, 1033
List the prime factors of 1432245495.
3, 5, 17, 1597, 3517
List the prime factors of 357954937.
67, 1117, 4783
What are the prime factors of 539173343?
17, 31716079
What are the prime factors of 2205869090?
2, 5, 220586909
What are the prime factors of 469789?
37, 12697
List the prime factors of 772490041.
772490041
List the prime factors of 51520074.
2, 3, 8586679
What are the prime factors of 3444989?
3444989
What are the prime factors of 6069589?
631, 9619
List the prime factors of 1155541919.
7, 23, 1051, 6829
What are the prime factors of 810547409?
7, 41, 2824207
What are the prime factors of 37424874?
2, 3, 31, 201209
What are the prime factors of 3373532206?
2, 11, 6619, 23167
List the prime factors of 24362361.
3, 2706929
List the prime factors of 700018761.
3, 13, 17949199
What are the prime factors of 47815115?
5, 19, 503317
List the prime factors of 47821676.
2, 7, 43, 39719
What are the prime factors of 1669917767?
7, 4603, 51827
List the prime factors of 220645470.
2, 3, 5, 43, 171043
List the prime factors of 203646050.
2, 5, 131, 31091
What are the prime factors of 1214317421?
647, 839, 2237
What are the prime factors of 261620242?
2, 13, 17, 591901
What are the prime factors of 75767203?
75767203
List the prime factors of 623385999.
3, 69265111
What are the prime factors of 8871008?
2, 17, 23, 709
What are the prime factors of 319519413?
3, 193, 183949
List the prime factors of 416805394.
2, 19, 10968563
What are the prime factors of 1995473202?
2, 3, 332578867
What are the prime factors of 253990113?
3, 13, 139, 46853
List the prime factors of 73584830.
2, 5, 11, 307, 2179
What are the prime factors of 34478844?
2, 3, 19, 97, 1559
List the prime factors of 544122180.
2, 3, 5, 7, 277, 1559
List the prime factors of 98162707.
98162707
List the prime factors of 33124592.
2, 2070287
List the prime factors of 870462489.
3, 13, 1429, 15619
List the prime factors of 51835625.
5, 197, 421
What are the prime factors of 152153889?
3, 2003, 25321
List the prime factors of 156928824.
2, 3, 13, 389, 431
List the prime factors of 34450139.
349, 98711
What are the prime factors of 587063914?
2, 23, 101, 126359
List the prime factors of 94945567.
2179, 43573
What are the prime factors of 21989124?
2, 3, 97, 2099
What are the prime factors of 5454307?
5454307
What are the prime factors of 26532775?
5, 1061311
What are the prime factors of 10485168?
2, 3, 61, 3581
List the prime factors of 212319628.
2, 5639, 9413
List the prime factors of 1500428929.
1500428929
List the prime factors of 258640374.
2, 3, 131, 329059
What are the prime factors of 23314753?
7, 11, 29, 53, 197
List the prime factors of 62275330.
2, 5, 13, 479041
List the prime factors of 71817644.
2, 19, 944969
List the prime factors of 119645064.
2, 3, 7, 11, 3083
List the prime factors of 3755321.
1153, 3257
What are the prime factors of 1432138093?
31, 59, 701, 1117
What are the prime factors of 495500546?
2, 23, 101, 4637
List the prime factors of 116680866.
2, 3, 19446811
List the prime factors of 70405139.
7, 23, 19013
List the prime factors of 57328255.
5, 103, 111317
List the prime factors of 4290690126.
2, 3, 37, 19327433
What are the prime factors of 1138856507?
101, 853, 13219
List the prime factors of 29927528.
2, 607, 6163
List the prime factors of 879267058.
2, 41, 10722769
List the prime factors of 180858452.
2, 45214613
List the prime factors of 128913142.
2, 17, 3791563
What are the prime factors of 2921066?
2, 67, 21799
What are the prime factors of 73057136?
2, 4566071
What are the prime factors of 147148771?
7, 11, 277, 6899
List the prime factors of 310419756.
2, 3, 79, 36383
What are the prime factors of 146518587?
3, 43, 378601
What are the prime factors of 364434966?
2, 3, 7, 2892341
What are the prime factors of 989831671?
989831671
What are the prime factors of 101410643?
127, 773, 1033
List the prime factors of 58128106.
2, 19, 131, 11677
List the prime factors of 2591973345.
3, 5, 13, 313, 42467
List the prime factors of 1025864309.
1025864309
What are the prime factors of 2070864437?
25633, 80789
What are the prime factors of 7415929?
7415929
What are the prime factors of 49610491?
7, 53, 2729
List the prime factors of 2417385.
3, 5, 161159
What are the prime factors of 407205919?
1039, 391921
What are the prime factors of 246029635?
5, 1847, 26641
List the prime factors of 12658452.
2, 3, 139, 7589
What are the prime factors of 7111079064?
2, 3, 98764987
List the prime factors of 31197387.
3, 13, 239, 3347
What are the prime factors of 184250504?
2, 23031313
List the prime factors of 3472473628.
2, 13, 619, 107881
List the prime factors of 2706107386.
2, 1353053693
List the prime factors of 292808903.
292808903
List the prime factors of 57463373.
11, 277, 18859
List the prime factors of 33255561.
3, 113, 263, 373
What are the prime factors of 63996126?
2, 3, 17, 43, 14591
List the prime factors of 76424022.
2, 3, 4245779
What are the prime factors of 13307831?
499, 26669
List the prime factors of 5436409013.
7, 157, 4946687
What are the prime factors of 123348529?
491, 251219
List the prime factors of 336487.
29, 41, 283
What are the prime factors of 864239678?
2, 6379, 67741
What are the prime factors of 151303641?
3, 50434547
What are the prime factors of 116554661?
271, 430091
List the prime factors of 9200868.
2, 3, 766739
List the prime factors of 822784484.
2, 205696121
What are the prime factors of 123204684?
2, 3, 1699, 6043
What are the prime factors of 5309170567?
17, 16369, 19079
List the prime factors of 1009728288.
2, 3, 433, 2699
What are the prime factors of 31281761?
7, 37, 120779
What are the prime factors of 188966260?
2, 5, 7, 491, 2749
List the prime factors of 322979787.
3, 13, 17, 12491
List the prime factors of 318715987.
4799, 66413
List the prime factors of 129913896.
2, 3, 7, 61, 1811
What are the prime factors of 36121483?
36121483
What are the prime factors of 52816505?
5, 7, 59, 25577
What are the prime factors of 225054200?
2, 5, 7, 160753
List the prime factors of 159578053.
6389, 24977
List the prime factors of 121512049.
19, 263, 24317
What are the prime factors of 2799497433?
3, 409, 2281579
What are the prime factors of 505471590?
2, 3, 5, 13, 16001
List the prime factors of 1766194251.
3, 103, 5715839
What are the prime factors of 74095695?
3, 5, 457, 1201
What are the prime factors of 23018643?
3, 1459, 1753
What are the prime factors of 21242766?
2, 3, 3540461
List the prime factors of 31236339.
3, 2381, 4373
What are the prime factors of 2034764087?
2034764087
What are the prime factors of 7055588673?
3, 7, 12443719
What are the prime factors of 38794085?
5, 11, 17, 41491
What are the prime factors of 1417696526?
2, 31, 277, 82549
List the prime factors of 258261747.
3, 41, 101, 20789
List the prime factors of 138405242.
2, 367, 188563
List the prime factors of 4184173819.
7, 31, 621997
What are the prime factors of 377365553?
37, 10199069
List the prime factors of 3230357499.
3, 43, 107, 181, 431
List the prime factors of 217356600.
2, 3, 5, 193, 1877
What are the prime factors of 11526104?
2, 1440763
List the prime factors of 503776427.
7, 11, 6542551
What are the prime factors of 2330426273?
7, 332918039
List the prime factors of 2964338625.
3, 5, 7904903
What are the prime factors of 182562366?
2, 3, 7, 29, 37, 4051
List the prime factors of 2442571050.
2, 3, 5, 17, 957871
What are the prime factors of 4339937297?
2053, 2113949
List